{"id":11365,"date":"2025-01-24T09:22:14","date_gmt":"2025-01-24T08:22:14","guid":{"rendered":"https:\/\/www.neancheglidei.com\/ospite\/rita-atzeri\/"},"modified":"2025-01-24T09:22:14","modified_gmt":"2025-01-24T08:22:14","slug":"rita-atzeri","status":"publish","type":"ospite","link":"https:\/\/www.neancheglidei.com\/fr\/ospite\/rita-atzeri\/","title":{"rendered":"Rita Atzeri"},"content":{"rendered":"<p>Rita Atzeri, n\u00e9e en 1974, directrice artistique de Il Crogiuolo, une compagnie historique de Cagliari fond\u00e9e par Mario Faticoni, est actrice, auteure et metteuse en sc\u00e8ne. Son parcours de formation, ainsi que les axes de recherche actuels de la compagnie, sont principalement centr\u00e9s sur le th\u00e9\u00e2tre politique et civil.<br \/>\nParmi les \u0153uvres qui l\u2019ont le plus engag\u00e9e en tant qu\u2019auteure, on peut citer: \u00ab\u00a0Gene mangia gene. Allegri attentati alla vita\u00a0\u00bb, mise en sc\u00e8ne par Mario Faticoni, premier heureux essai d\u2019\u00e9criture, spectacle encore au r\u00e9pertoire avec plus d\u2019une centaine de repr\u00e9sentations \u00e0 son actif, qui aborde les th\u00e8mes des biotechnologies, de la soci\u00e9t\u00e9 de consommation et du clonage; \u00ab\u00a0Lavorare Stanca\u00a0\u00bb, mise en sc\u00e8ne par Francesco Origo, \u00e9crit apr\u00e8s le tragique accident ayant caus\u00e9 la mort de trois ouvriers dans la raffinerie Saras de Sarroch en 2011; \u00ab\u00a0In un cielo di stelle gialle bianche farfalle\u00a0\u00bb, qui traite du th\u00e8me de l\u2019Holocauste \u00e0 travers le regard des enfants.<br \/>\nEn tant qu\u2019actrice, elle a \u00e9t\u00e9 dirig\u00e9e par Mario Faticoni, Francesco Origo, Susanna Mameli, Marco Gagliardo, Andrea Dosio, Serena Sinigaglia, Marco Parodi, Maria Assunta Calvisi, Elio Arthemalle, Fausto Siddi, Simonetta Pusceddu, Simone Schinocca, Virginia Martini, Roberta Sandias, Michele Monetta et Giancarlo Biffi.<br \/>\nParmi les personnages qu\u2019elle a le plus aim\u00e9s interpr\u00e9ter figurent Lucky dans \u00ab\u00a0Aspettando Godot\u00a0\u00bb, mise en sc\u00e8ne par Dosio; Adele dans \u00ab\u00a0Casa di Bernarda Alba\u00a0\u00bb, mise en sc\u00e8ne par M. A. Calvisi; Contastelle dans \u00ab\u00a0Guerra e dintorni\u00a0\u00bb et Speranza dans \u00ab\u00a0S\u2019accabadora\u00a0\u00bb de Susanna Mameli; Francesca Spada, journaliste de L\u2019Unit\u00e0 dans les ann\u00e9es 50, protagoniste f\u00e9minine de \u00ab\u00a0Dio, Stalin e me\u00a0\u00bb, adaptation du roman d\u2019Ermanno Rea mise en sc\u00e8ne par V. Martini; ainsi que le r\u00f4le de la lesbienne d\u00e9port\u00e9e par le nazifascisme dans \u00ab\u00a0Der Puff\u00a0\u00bb de Francesca Falchi. Elle a \u00e9galement eu la chance de jouer aux c\u00f4t\u00e9s d\u2019Antonio Piovanelli, Maria Paiato, Caterina Vertova, Iaia Forte et Isabella Carloni.<br \/>\nEn tant que metteuse en sc\u00e8ne, elle a eu l\u2019opportunit\u00e9 de travailler avec de magnifiques interpr\u00e8tes telles que Gisella Vacca, Isella Orchis, Maria Grazia Bodio, Manuela Ragusa, Caterina Murino, Alessandra Leo, ainsi qu\u2019avec les acteurs Fausto Siddi et Elio Arthemalle.<br \/>\nElle est l\u2019initiatrice de Artefatta \u2013 animation mus\u00e9ale \u00e0 travers le th\u00e9\u00e2tre; du Festival de Th\u00e9\u00e2tre Jeune Public d\u2019Irgoli \u00ab\u00a0L\u2019isola che non c\u2019\u00e8\u00a0\u00bb; du \u00ab\u00a0NurArcheofestival\u00a0\u00bb, festival itin\u00e9rant con\u00e7u pour la valorisation des sites arch\u00e9ologiques, aujourd\u2019hui \u00e0 sa douzi\u00e8me \u00e9dition; ainsi que de nombreuses manifestations de th\u00e9\u00e2tre d\u2019auteur, th\u00e9\u00e2tre social et th\u00e9\u00e2tre de chambre, th\u00e9\u00e2tre jeune public pour la compagnie Il Crogiuolo.<br \/>\nElle est enseignante dans des ateliers de th\u00e9\u00e2tre pour les \u00e9l\u00e8ves des \u00e9coles primaires et secondaires, et dirige des ateliers de th\u00e9\u00e2tre pr\u00e9paratoire pour enfants et adolescents. De plus, elle organise des cours de diction et de lecture expressive. <\/p>\n<p>Lors du festival Neanche Gli Dei, Rita Atzeri a coordonn\u00e9 la soir\u00e9e du jeudi 18 novembre intitul\u00e9e \u00ab\u00a0Sous la m\u00eame lune\u00a0\u00bb, au cours de laquelle elle a lu des extraits des livres d\u2019Antonella Gregorio, Claudia Caredda et Patrizia Viglino.<\/p>\n","protected":false},"featured_media":11366,"template":"","meta":{"_acf_changed":false},"tags":[274],"edizione":[273],"intervento":[257],"class_list":["post-11365","ospite","type-ospite","status-publish","has-post-thumbnail","hentry","tag-ospite-2021","edizione-273","intervento-evenement"],"acf":[],"_links":{"self":[{"href":"https:\/\/www.neancheglidei.com\/fr\/wp-json\/wp\/v2\/ospite\/11365","targetHints":{"allow":["GET"]}}],"collection":[{"href":"https:\/\/www.neancheglidei.com\/fr\/wp-json\/wp\/v2\/ospite"}],"about":[{"href":"https:\/\/www.neancheglidei.com\/fr\/wp-json\/wp\/v2\/types\/ospite"}],"version-history":[{"count":0,"href":"https:\/\/www.neancheglidei.com\/fr\/wp-json\/wp\/v2\/ospite\/11365\/revisions"}],"wp:featuredmedia":[{"embeddable":true,"href":"https:\/\/www.neancheglidei.com\/fr\/wp-json\/wp\/v2\/media\/11366"}],"wp:attachment":[{"href":"https:\/\/www.neancheglidei.com\/fr\/wp-json\/wp\/v2\/media?parent=11365"}],"wp:term":[{"taxonomy":"post_tag","embeddable":true,"href":"https:\/\/www.neancheglidei.com\/fr\/wp-json\/wp\/v2\/tags?post=11365"},{"taxonomy":"edizione","embeddable":true,"href":"https:\/\/www.neancheglidei.com\/fr\/wp-json\/wp\/v2\/edizione?post=11365"},{"taxonomy":"intervento","embeddable":true,"href":"https:\/\/www.neancheglidei.com\/fr\/wp-json\/wp\/v2\/intervento?post=11365"}],"curies":[{"name":"wp","href":"https:\/\/api.w.org\/{rel}","templated":true}]}}

<p>Rita Atzeri, née en 1974, directrice artistique de Il Crogiuolo, une compagnie historique de Cagliari fondée par Mario Faticoni, est actrice, auteure et metteuse en scène. Son parcours de formation, ainsi que les axes de recherche actuels de la compagnie, sont principalement centrés sur le théâtre politique et civil.<br />
Parmi les œuvres qui l’ont le plus engagée en tant qu’auteure, on peut citer: « Gene mangia gene. Allegri attentati alla vita », mise en scène par Mario Faticoni, premier heureux essai d’écriture, spectacle encore au répertoire avec plus d’une centaine de représentations à son actif, qui aborde les thèmes des biotechnologies, de la société de consommation et du clonage; « Lavorare Stanca », mise en scène par Francesco Origo, écrit après le tragique accident ayant causé la mort de trois ouvriers dans la raffinerie Saras de Sarroch en 2011; « In un cielo di stelle gialle bianche farfalle », qui traite du thème de l’Holocauste à travers le regard des enfants.<br />
En tant qu’actrice, elle a été dirigée par Mario Faticoni, Francesco Origo, Susanna Mameli, Marco Gagliardo, Andrea Dosio, Serena Sinigaglia, Marco Parodi, Maria Assunta Calvisi, Elio Arthemalle, Fausto Siddi, Simonetta Pusceddu, Simone Schinocca, Virginia Martini, Roberta Sandias, Michele Monetta et Giancarlo Biffi.<br />
Parmi les personnages qu’elle a le plus aimés interpréter figurent Lucky dans « Aspettando Godot », mise en scène par Dosio; Adele dans « Casa di Bernarda Alba », mise en scène par M. A. Calvisi; Contastelle dans « Guerra e dintorni » et Speranza dans « S’accabadora » de Susanna Mameli; Francesca Spada, journaliste de L’Unità dans les années 50, protagoniste féminine de « Dio, Stalin e me », adaptation du roman d’Ermanno Rea mise en scène par V. Martini; ainsi que le rôle de la lesbienne déportée par le nazifascisme dans « Der Puff » de Francesca Falchi. Elle a également eu la chance de jouer aux côtés d’Antonio Piovanelli, Maria Paiato, Caterina Vertova, Iaia Forte et Isabella Carloni.<br />
En tant que metteuse en scène, elle a eu l’opportunité de travailler avec de magnifiques interprètes telles que Gisella Vacca, Isella Orchis, Maria Grazia Bodio, Manuela Ragusa, Caterina Murino, Alessandra Leo, ainsi qu’avec les acteurs Fausto Siddi et Elio Arthemalle.<br />
Elle est l’initiatrice de Artefatta – animation muséale à travers le théâtre; du Festival de Théâtre Jeune Public d’Irgoli « L’isola che non c’è »; du « NurArcheofestival », festival itinérant conçu pour la valorisation des sites archéologiques, aujourd’hui à sa douzième édition; ainsi que de nombreuses manifestations de théâtre d’auteur, théâtre social et théâtre de chambre, théâtre jeune public pour la compagnie Il Crogiuolo.<br />
Elle est enseignante dans des ateliers de théâtre pour les élèves des écoles primaires et secondaires, et dirige des ateliers de théâtre préparatoire pour enfants et adolescents. De plus, elle organise des cours de diction et de lecture expressive. </p>
<p>Lors du festival Neanche Gli Dei, Rita Atzeri a coordonné la soirée du jeudi 18 novembre intitulée « Sous la même lune », au cours de laquelle elle a lu des extraits des livres d’Antonella Gregorio, Claudia Caredda et Patrizia Viglino.</p>
