{"id":11498,"date":"2025-03-27T11:27:27","date_gmt":"2025-03-27T10:27:27","guid":{"rendered":"https:\/\/www.neancheglidei.com\/evento\/i-fuochi-di-santelmo\/"},"modified":"2025-03-27T11:27:27","modified_gmt":"2025-03-27T10:27:27","slug":"i-fuochi-di-santelmo","status":"publish","type":"evento","link":"https:\/\/www.neancheglidei.com\/fr\/evento\/i-fuochi-di-santelmo\/","title":{"rendered":"I Fuochi di Sant&rsquo;Elmo"},"content":{"rendered":"<p>Un roman d\u2019apprentissage et de croissance personnelle aventureuse, qui a re\u00e7u d\u2019excellents \u00e9chos tant du public que de la critique (Prix Bovio 2020, troisi\u00e8me au concours national \u00ab\u00a0Il Delfino\u00a0\u00bb 2019). Daniele Maria Pegorari, professeur titulaire de litt\u00e9rature italienne \u00e0 l\u2019Universit\u00e9 de Bari, a chroniqu\u00e9 \u00ab\u00a0I Fuochi di Sant\u2019Elmo\u00a0\u00bb dans la revue scientifique vingtenaire \u00ab\u00a0Incroci \u2013 semestriel de litt\u00e9rature et d\u2019autres \u00e9critures\u00a0\u00bb, \u00e9crivant: \u00ab\u00a0Si vous pensez qu\u2019il ne vaut pas la peine de lire un livre publi\u00e9 par un petit \u00e9diteur, parce que vous croyez que les bons ouvrages arrivent forc\u00e9ment entre les mains des grandes maisons, alors lisez le roman de d\u00e9but de la Sarde Claudia Caredda: I fuochi di Sant\u2019Elmo repr\u00e9sente une agr\u00e9able surprise par rapport \u00e0 ce lieu commun, gr\u00e2ce \u00e0 l\u2019essentiel du d\u00e9roulement, \u00e0 la clart\u00e9 de la langue, aux fr\u00e9quentes envol\u00e9es m\u00e9ditatives et \u00e0 la m\u00e9morabilit\u00e9 des lieux travers\u00e9s lors du voyage agit\u00e9 du protagoniste [\u2026]\u00a0\u00bb. <\/p>\n","protected":false},"featured_media":7594,"template":"","meta":{"_acf_changed":false},"tags":[296],"edizione":[273],"giorno":[298],"class_list":["post-11498","evento","type-evento","status-publish","has-post-thumbnail","hentry","tag-evento-2021","edizione-273","giorno-298"],"acf":[],"_links":{"self":[{"href":"https:\/\/www.neancheglidei.com\/fr\/wp-json\/wp\/v2\/evento\/11498","targetHints":{"allow":["GET"]}}],"collection":[{"href":"https:\/\/www.neancheglidei.com\/fr\/wp-json\/wp\/v2\/evento"}],"about":[{"href":"https:\/\/www.neancheglidei.com\/fr\/wp-json\/wp\/v2\/types\/evento"}],"version-history":[{"count":0,"href":"https:\/\/www.neancheglidei.com\/fr\/wp-json\/wp\/v2\/evento\/11498\/revisions"}],"wp:featuredmedia":[{"embeddable":true,"href":"https:\/\/www.neancheglidei.com\/fr\/wp-json\/wp\/v2\/media\/7594"}],"wp:attachment":[{"href":"https:\/\/www.neancheglidei.com\/fr\/wp-json\/wp\/v2\/media?parent=11498"}],"wp:term":[{"taxonomy":"post_tag","embeddable":true,"href":"https:\/\/www.neancheglidei.com\/fr\/wp-json\/wp\/v2\/tags?post=11498"},{"taxonomy":"edizione","embeddable":true,"href":"https:\/\/www.neancheglidei.com\/fr\/wp-json\/wp\/v2\/edizione?post=11498"},{"taxonomy":"giorno","embeddable":true,"href":"https:\/\/www.neancheglidei.com\/fr\/wp-json\/wp\/v2\/giorno?post=11498"}],"curies":[{"name":"wp","href":"https:\/\/api.w.org\/{rel}","templated":true}]}}

<p>Un roman d’apprentissage et de croissance personnelle aventureuse, qui a reçu d’excellents échos tant du public que de la critique (Prix Bovio 2020, troisième au concours national « Il Delfino » 2019). Daniele Maria Pegorari, professeur titulaire de littérature italienne à l’Université de Bari, a chroniqué « I Fuochi di Sant’Elmo » dans la revue scientifique vingtenaire « Incroci – semestriel de littérature et d’autres écritures », écrivant: « Si vous pensez qu’il ne vaut pas la peine de lire un livre publié par un petit éditeur, parce que vous croyez que les bons ouvrages arrivent forcément entre les mains des grandes maisons, alors lisez le roman de début de la Sarde Claudia Caredda: I fuochi di Sant’Elmo représente une agréable surprise par rapport à ce lieu commun, grâce à l’essentiel du déroulement, à la clarté de la langue, aux fréquentes envolées méditatives et à la mémorabilité des lieux traversés lors du voyage agité du protagoniste […] ». </p>
