{"id":11491,"date":"2025-03-27T12:09:00","date_gmt":"2025-03-27T11:09:00","guid":{"rendered":"https:\/\/www.neancheglidei.com\/evento\/vintage\/"},"modified":"2025-03-27T12:09:00","modified_gmt":"2025-03-27T11:09:00","slug":"vintage","status":"publish","type":"evento","link":"https:\/\/www.neancheglidei.com\/fr\/evento\/vintage\/","title":{"rendered":"Vintage"},"content":{"rendered":"<p>Le livre retrace l\u2019une des p\u00e9riodes les plus intenses pour la musique dans la capitale turritaine: le r\u00e9cit, en partie autobiographique, accompagn\u00e9 des t\u00e9moignages de certains protagonistes de ces ann\u00e9es, offre une vue d\u00e9taill\u00e9e non seulement sur le mouvement musical local de l\u2019\u00e9poque et ses acteurs principaux (musiciens, organisateurs, techniciens et maisons de disques), mais aussi sur des aspects de la vie urbaine et de la jeunesse de cette p\u00e9riode.<\/p>\n","protected":false},"featured_media":7629,"template":"","meta":{"_acf_changed":false},"tags":[296],"edizione":[273],"giorno":[283],"class_list":["post-11491","evento","type-evento","status-publish","has-post-thumbnail","hentry","tag-evento-2021","edizione-273","giorno-283"],"acf":[],"_links":{"self":[{"href":"https:\/\/www.neancheglidei.com\/fr\/wp-json\/wp\/v2\/evento\/11491","targetHints":{"allow":["GET"]}}],"collection":[{"href":"https:\/\/www.neancheglidei.com\/fr\/wp-json\/wp\/v2\/evento"}],"about":[{"href":"https:\/\/www.neancheglidei.com\/fr\/wp-json\/wp\/v2\/types\/evento"}],"version-history":[{"count":0,"href":"https:\/\/www.neancheglidei.com\/fr\/wp-json\/wp\/v2\/evento\/11491\/revisions"}],"wp:featuredmedia":[{"embeddable":true,"href":"https:\/\/www.neancheglidei.com\/fr\/wp-json\/wp\/v2\/media\/7629"}],"wp:attachment":[{"href":"https:\/\/www.neancheglidei.com\/fr\/wp-json\/wp\/v2\/media?parent=11491"}],"wp:term":[{"taxonomy":"post_tag","embeddable":true,"href":"https:\/\/www.neancheglidei.com\/fr\/wp-json\/wp\/v2\/tags?post=11491"},{"taxonomy":"edizione","embeddable":true,"href":"https:\/\/www.neancheglidei.com\/fr\/wp-json\/wp\/v2\/edizione?post=11491"},{"taxonomy":"giorno","embeddable":true,"href":"https:\/\/www.neancheglidei.com\/fr\/wp-json\/wp\/v2\/giorno?post=11491"}],"curies":[{"name":"wp","href":"https:\/\/api.w.org\/{rel}","templated":true}]}}

<p>Le livre retrace l’une des périodes les plus intenses pour la musique dans la capitale turritaine: le récit, en partie autobiographique, accompagné des témoignages de certains protagonistes de ces années, offre une vue détaillée non seulement sur le mouvement musical local de l’époque et ses acteurs principaux (musiciens, organisateurs, techniciens et maisons de disques), mais aussi sur des aspects de la vie urbaine et de la jeunesse de cette période.</p>
