{"id":11488,"date":"2025-03-27T12:17:01","date_gmt":"2025-03-27T11:17:01","guid":{"rendered":"https:\/\/www.neancheglidei.com\/evento\/boghes-e-sonos\/"},"modified":"2026-06-05T10:56:16","modified_gmt":"2026-06-05T08:56:16","slug":"boghes-e-sonos","status":"publish","type":"evento","link":"https:\/\/www.neancheglidei.com\/fr\/evento\/boghes-e-sonos\/","title":{"rendered":"Boghes e Sonos"},"content":{"rendered":"<p>\u201cBoghes e sonos\u201d analyse l\u2019\u00e9volution de la sc\u00e8ne musicale en Sardaigne de 1960 \u00e0 aujourd\u2019hui, en prenant en compte les diff\u00e9rents styles d\u2019expression et les p\u00e9riodes de leur d\u00e9veloppement; publi\u00e9e par la Fondation Maria Carta, cette volumineuse \u0153uvre se compose de trois volumes comportant 1750 fiches.<\/p>\n","protected":false},"featured_media":7639,"template":"","meta":{"_acf_changed":false},"tags":[296],"edizione":[273],"giorno":[283],"class_list":["post-11488","evento","type-evento","status-publish","has-post-thumbnail","hentry","tag-evento-2021","edizione-273","giorno-283"],"acf":[],"_links":{"self":[{"href":"https:\/\/www.neancheglidei.com\/fr\/wp-json\/wp\/v2\/evento\/11488","targetHints":{"allow":["GET"]}}],"collection":[{"href":"https:\/\/www.neancheglidei.com\/fr\/wp-json\/wp\/v2\/evento"}],"about":[{"href":"https:\/\/www.neancheglidei.com\/fr\/wp-json\/wp\/v2\/types\/evento"}],"version-history":[{"count":1,"href":"https:\/\/www.neancheglidei.com\/fr\/wp-json\/wp\/v2\/evento\/11488\/revisions"}],"predecessor-version":[{"id":11489,"href":"https:\/\/www.neancheglidei.com\/fr\/wp-json\/wp\/v2\/evento\/11488\/revisions\/11489"}],"wp:featuredmedia":[{"embeddable":true,"href":"https:\/\/www.neancheglidei.com\/fr\/wp-json\/wp\/v2\/media\/7639"}],"wp:attachment":[{"href":"https:\/\/www.neancheglidei.com\/fr\/wp-json\/wp\/v2\/media?parent=11488"}],"wp:term":[{"taxonomy":"post_tag","embeddable":true,"href":"https:\/\/www.neancheglidei.com\/fr\/wp-json\/wp\/v2\/tags?post=11488"},{"taxonomy":"edizione","embeddable":true,"href":"https:\/\/www.neancheglidei.com\/fr\/wp-json\/wp\/v2\/edizione?post=11488"},{"taxonomy":"giorno","embeddable":true,"href":"https:\/\/www.neancheglidei.com\/fr\/wp-json\/wp\/v2\/giorno?post=11488"}],"curies":[{"name":"wp","href":"https:\/\/api.w.org\/{rel}","templated":true}]}}

<p>“Boghes e sonos” analyse l’évolution de la scène musicale en Sardaigne de 1960 à aujourd’hui, en prenant en compte les différents styles d’expression et les périodes de leur développement; publiée par la Fondation Maria Carta, cette volumineuse œuvre se compose de trois volumes comportant 1750 fiches.</p>
