{"id":11440,"date":"2025-03-26T11:48:23","date_gmt":"2025-03-26T10:48:23","guid":{"rendered":"https:\/\/www.neancheglidei.com\/evento\/danzami-fino-alla-fine-dellamore\/"},"modified":"2025-03-26T11:48:23","modified_gmt":"2025-03-26T10:48:23","slug":"danzami-fino-alla-fine-dellamore","status":"publish","type":"evento","link":"https:\/\/www.neancheglidei.com\/fr\/evento\/danzami-fino-alla-fine-dellamore\/","title":{"rendered":"Danzami fino alla fine dell&rsquo;amore"},"content":{"rendered":"<p>\u00ab\u00a0Danzami fino alla fine dell&rsquo;amore\u00a0\u00bb aborde les diff\u00e9rentes d\u00e9clinaisons de la grammaire affective comme autant de coordonn\u00e9es \u00e0 partir desquelles d\u00e9velopper le th\u00e8me de la reconqu\u00eate d\u2019une sociabilit\u00e9 profonde, en d\u00e9passant les difficult\u00e9s de la solitude du citoyen global et le d\u00e9tachement dans la relation entre parents et enfants.<\/p>\n<p>Mod\u00e9ration: le journaliste Giacomo Serreli.<\/p>\n","protected":false},"featured_media":7512,"template":"","meta":{"_acf_changed":false},"tags":[282],"edizione":[271],"giorno":[270],"class_list":["post-11440","evento","type-evento","status-publish","has-post-thumbnail","hentry","tag-evento-2022","edizione-271","giorno-270"],"acf":[],"_links":{"self":[{"href":"https:\/\/www.neancheglidei.com\/fr\/wp-json\/wp\/v2\/evento\/11440","targetHints":{"allow":["GET"]}}],"collection":[{"href":"https:\/\/www.neancheglidei.com\/fr\/wp-json\/wp\/v2\/evento"}],"about":[{"href":"https:\/\/www.neancheglidei.com\/fr\/wp-json\/wp\/v2\/types\/evento"}],"version-history":[{"count":0,"href":"https:\/\/www.neancheglidei.com\/fr\/wp-json\/wp\/v2\/evento\/11440\/revisions"}],"wp:featuredmedia":[{"embeddable":true,"href":"https:\/\/www.neancheglidei.com\/fr\/wp-json\/wp\/v2\/media\/7512"}],"wp:attachment":[{"href":"https:\/\/www.neancheglidei.com\/fr\/wp-json\/wp\/v2\/media?parent=11440"}],"wp:term":[{"taxonomy":"post_tag","embeddable":true,"href":"https:\/\/www.neancheglidei.com\/fr\/wp-json\/wp\/v2\/tags?post=11440"},{"taxonomy":"edizione","embeddable":true,"href":"https:\/\/www.neancheglidei.com\/fr\/wp-json\/wp\/v2\/edizione?post=11440"},{"taxonomy":"giorno","embeddable":true,"href":"https:\/\/www.neancheglidei.com\/fr\/wp-json\/wp\/v2\/giorno?post=11440"}],"curies":[{"name":"wp","href":"https:\/\/api.w.org\/{rel}","templated":true}]}}

<p>« Danzami fino alla fine dell&rsquo;amore » aborde les différentes déclinaisons de la grammaire affective comme autant de coordonnées à partir desquelles développer le thème de la reconquête d’une sociabilité profonde, en dépassant les difficultés de la solitude du citoyen global et le détachement dans la relation entre parents et enfants.</p>
<p>Modération: le journaliste Giacomo Serreli.</p>
