{"id":11439,"date":"2025-03-26T11:50:54","date_gmt":"2025-03-26T10:50:54","guid":{"rendered":"https:\/\/www.neancheglidei.com\/evento\/a-new-york-con-patti-smith\/"},"modified":"2025-03-26T11:50:54","modified_gmt":"2025-03-26T10:50:54","slug":"a-new-york-con-patti-smith","status":"publish","type":"evento","link":"https:\/\/www.neancheglidei.com\/fr\/evento\/a-new-york-con-patti-smith\/","title":{"rendered":"A New York con Patti Smith"},"content":{"rendered":"<p>\u00ab\u00a0A New York con Patti Smith\u00a0\u00bb est une \u00ab\u00a0g\u00e9obiographie\u00a0\u00bb qui retrace les \u00e9tapes du passage new-yorkais de Patti Smith: des premiers jours pass\u00e9s sur les bancs de Washington Square \u00e0 la d\u00e9couverte de Brooklyn gr\u00e2ce au compagnon-archange Robert Mapplethorpe. Un voyage \u00e0 travers une ville qui n\u2019existe plus, pour les m\u00e9lomanes et les passionn\u00e9s de culture urbaine, punk et pop art. <\/p>\n<p>Mod\u00e9ration: le musicien et auteur Davide Catinari.<\/p>\n","protected":false},"featured_media":7516,"template":"","meta":{"_acf_changed":false},"tags":[282],"edizione":[271],"giorno":[270],"class_list":["post-11439","evento","type-evento","status-publish","has-post-thumbnail","hentry","tag-evento-2022","edizione-271","giorno-270"],"acf":[],"_links":{"self":[{"href":"https:\/\/www.neancheglidei.com\/fr\/wp-json\/wp\/v2\/evento\/11439","targetHints":{"allow":["GET"]}}],"collection":[{"href":"https:\/\/www.neancheglidei.com\/fr\/wp-json\/wp\/v2\/evento"}],"about":[{"href":"https:\/\/www.neancheglidei.com\/fr\/wp-json\/wp\/v2\/types\/evento"}],"version-history":[{"count":0,"href":"https:\/\/www.neancheglidei.com\/fr\/wp-json\/wp\/v2\/evento\/11439\/revisions"}],"wp:featuredmedia":[{"embeddable":true,"href":"https:\/\/www.neancheglidei.com\/fr\/wp-json\/wp\/v2\/media\/7516"}],"wp:attachment":[{"href":"https:\/\/www.neancheglidei.com\/fr\/wp-json\/wp\/v2\/media?parent=11439"}],"wp:term":[{"taxonomy":"post_tag","embeddable":true,"href":"https:\/\/www.neancheglidei.com\/fr\/wp-json\/wp\/v2\/tags?post=11439"},{"taxonomy":"edizione","embeddable":true,"href":"https:\/\/www.neancheglidei.com\/fr\/wp-json\/wp\/v2\/edizione?post=11439"},{"taxonomy":"giorno","embeddable":true,"href":"https:\/\/www.neancheglidei.com\/fr\/wp-json\/wp\/v2\/giorno?post=11439"}],"curies":[{"name":"wp","href":"https:\/\/api.w.org\/{rel}","templated":true}]}}

<p>« A New York con Patti Smith » est une « géobiographie » qui retrace les étapes du passage new-yorkais de Patti Smith: des premiers jours passés sur les bancs de Washington Square à la découverte de Brooklyn grâce au compagnon-archange Robert Mapplethorpe. Un voyage à travers une ville qui n’existe plus, pour les mélomanes et les passionnés de culture urbaine, punk et pop art. </p>
<p>Modération: le musicien et auteur Davide Catinari.</p>
