{"id":11436,"date":"2025-03-26T12:06:18","date_gmt":"2025-03-26T11:06:18","guid":{"rendered":"https:\/\/www.neancheglidei.com\/evento\/storie-zen-a-fumetti\/"},"modified":"2025-03-26T12:06:18","modified_gmt":"2025-03-26T11:06:18","slug":"storie-zen-a-fumetti","status":"publish","type":"evento","link":"https:\/\/www.neancheglidei.com\/fr\/evento\/storie-zen-a-fumetti\/","title":{"rendered":"Storie zen a fumetti"},"content":{"rendered":"<p>\u00c0 la d\u00e9couverte des grands ma\u00eetres zen du pass\u00e9, de Bankei \u00e0 Ikky\u016b, de Hakuin \u00e0 Hotei et bien d\u2019autres. Ce parcours, objet de la rencontre entre Luca Borriero et Bepi Vigna, auteur et directeur de l\u2019\u00c9cole internationale de bande dessin\u00e9e de Cagliari, trace une ligne entre spiritualit\u00e9 et modernit\u00e9, dans un contexte de transformations possibles, mais aussi n\u00e9cessaires, r\u00e9sum\u00e9es dans la profondeur du message de la voie du zen. <\/p>\n<p>Mod\u00e9ration: le dessinateur et \u00e9crivain Bepi Vigna.<\/p>\n","protected":false},"featured_media":7525,"template":"","meta":{"_acf_changed":false},"tags":[282],"edizione":[271],"giorno":[295],"class_list":["post-11436","evento","type-evento","status-publish","has-post-thumbnail","hentry","tag-evento-2022","edizione-271","giorno-295"],"acf":[],"_links":{"self":[{"href":"https:\/\/www.neancheglidei.com\/fr\/wp-json\/wp\/v2\/evento\/11436","targetHints":{"allow":["GET"]}}],"collection":[{"href":"https:\/\/www.neancheglidei.com\/fr\/wp-json\/wp\/v2\/evento"}],"about":[{"href":"https:\/\/www.neancheglidei.com\/fr\/wp-json\/wp\/v2\/types\/evento"}],"version-history":[{"count":0,"href":"https:\/\/www.neancheglidei.com\/fr\/wp-json\/wp\/v2\/evento\/11436\/revisions"}],"wp:featuredmedia":[{"embeddable":true,"href":"https:\/\/www.neancheglidei.com\/fr\/wp-json\/wp\/v2\/media\/7525"}],"wp:attachment":[{"href":"https:\/\/www.neancheglidei.com\/fr\/wp-json\/wp\/v2\/media?parent=11436"}],"wp:term":[{"taxonomy":"post_tag","embeddable":true,"href":"https:\/\/www.neancheglidei.com\/fr\/wp-json\/wp\/v2\/tags?post=11436"},{"taxonomy":"edizione","embeddable":true,"href":"https:\/\/www.neancheglidei.com\/fr\/wp-json\/wp\/v2\/edizione?post=11436"},{"taxonomy":"giorno","embeddable":true,"href":"https:\/\/www.neancheglidei.com\/fr\/wp-json\/wp\/v2\/giorno?post=11436"}],"curies":[{"name":"wp","href":"https:\/\/api.w.org\/{rel}","templated":true}]}}

<p>À la découverte des grands maîtres zen du passé, de Bankei à Ikkyū, de Hakuin à Hotei et bien d’autres. Ce parcours, objet de la rencontre entre Luca Borriero et Bepi Vigna, auteur et directeur de l’École internationale de bande dessinée de Cagliari, trace une ligne entre spiritualité et modernité, dans un contexte de transformations possibles, mais aussi nécessaires, résumées dans la profondeur du message de la voie du zen. </p>
<p>Modération: le dessinateur et écrivain Bepi Vigna.</p>
