{"id":11431,"date":"2025-03-26T12:25:14","date_gmt":"2025-03-26T11:25:14","guid":{"rendered":"https:\/\/www.neancheglidei.com\/evento\/fiabafobia-live\/"},"modified":"2025-03-26T12:25:14","modified_gmt":"2025-03-26T11:25:14","slug":"fiabafobia-live","status":"publish","type":"evento","link":"https:\/\/www.neancheglidei.com\/fr\/evento\/fiabafobia-live\/","title":{"rendered":"Fiabafobia Live"},"content":{"rendered":"<p>Une s\u00e9rie de r\u00e9cits qui explore les phobies qui nous accompagnent parfois toute la vie, parfois plus que nos propres proches. Elle a \u00e9t\u00e9 \u00e9crite pour faire rire et r\u00e9fl\u00e9chir, en esp\u00e9rant qu\u2019il n\u2019y ait personne qui ait peur de rire ou de penser. Depuis l\u2019\u00e9poque de l\u2019Homme Noir, dit l\u2019actrice, chaque ann\u00e9e voit na\u00eetre un nouveau sujet cens\u00e9 nous effrayer: \u00ab\u00a0Quand j\u2019\u00e9tais petite, il fallait avoir peur de Tchernobyl, puis de la vache folle et de l\u2019arsenic dans l\u2019eau. Ensuite, bien plus tard, sont arriv\u00e9s les immigr\u00e9s, mais maintenant plus personne ne s\u2019en pr\u00e9occupe parce qu\u2019il y a le virus\u00a0\u00bb. Bref, c\u2019est aussi \u00e0 cause du climat de terreur mondiale que nous d\u00e9veloppons des phobies personnalis\u00e9es: des araign\u00e9es aux serpents, de l\u2019avion aux bact\u00e9ries qui pourraient nous attaquer aux tables des caf\u00e9s, de la mont\u00e9e des eaux \u00e0 la peur des hommes et des femmes avec qui nous pourrions nous reproduire. Qui d\u2019entre nous n\u2019a jamais dit au moins une fois: \u00ab\u00a0D\u00e9sol\u00e9, c\u2019est que j\u2019ai une phobie\u00a0\u00bb.   <\/p>\n","protected":false},"featured_media":0,"template":"","meta":{"_acf_changed":false},"tags":[282],"edizione":[271],"giorno":[294],"class_list":["post-11431","evento","type-evento","status-publish","hentry","tag-evento-2022","edizione-271","giorno-294"],"acf":[],"_links":{"self":[{"href":"https:\/\/www.neancheglidei.com\/fr\/wp-json\/wp\/v2\/evento\/11431","targetHints":{"allow":["GET"]}}],"collection":[{"href":"https:\/\/www.neancheglidei.com\/fr\/wp-json\/wp\/v2\/evento"}],"about":[{"href":"https:\/\/www.neancheglidei.com\/fr\/wp-json\/wp\/v2\/types\/evento"}],"version-history":[{"count":0,"href":"https:\/\/www.neancheglidei.com\/fr\/wp-json\/wp\/v2\/evento\/11431\/revisions"}],"wp:attachment":[{"href":"https:\/\/www.neancheglidei.com\/fr\/wp-json\/wp\/v2\/media?parent=11431"}],"wp:term":[{"taxonomy":"post_tag","embeddable":true,"href":"https:\/\/www.neancheglidei.com\/fr\/wp-json\/wp\/v2\/tags?post=11431"},{"taxonomy":"edizione","embeddable":true,"href":"https:\/\/www.neancheglidei.com\/fr\/wp-json\/wp\/v2\/edizione?post=11431"},{"taxonomy":"giorno","embeddable":true,"href":"https:\/\/www.neancheglidei.com\/fr\/wp-json\/wp\/v2\/giorno?post=11431"}],"curies":[{"name":"wp","href":"https:\/\/api.w.org\/{rel}","templated":true}]}}

<p>Une série de récits qui explore les phobies qui nous accompagnent parfois toute la vie, parfois plus que nos propres proches. Elle a été écrite pour faire rire et réfléchir, en espérant qu’il n’y ait personne qui ait peur de rire ou de penser. Depuis l’époque de l’Homme Noir, dit l’actrice, chaque année voit naître un nouveau sujet censé nous effrayer: « Quand j’étais petite, il fallait avoir peur de Tchernobyl, puis de la vache folle et de l’arsenic dans l’eau. Ensuite, bien plus tard, sont arrivés les immigrés, mais maintenant plus personne ne s’en préoccupe parce qu’il y a le virus ». Bref, c’est aussi à cause du climat de terreur mondiale que nous développons des phobies personnalisées: des araignées aux serpents, de l’avion aux bactéries qui pourraient nous attaquer aux tables des cafés, de la montée des eaux à la peur des hommes et des femmes avec qui nous pourrions nous reproduire. Qui d’entre nous n’a jamais dit au moins une fois: « Désolé, c’est que j’ai une phobie ».   </p>
