{"id":11430,"date":"2025-03-26T12:27:33","date_gmt":"2025-03-26T11:27:33","guid":{"rendered":"https:\/\/www.neancheglidei.com\/evento\/coronavirus-il-nemico-invisibile\/"},"modified":"2025-03-26T12:27:33","modified_gmt":"2025-03-26T11:27:33","slug":"coronavirus-il-nemico-invisibile","status":"publish","type":"evento","link":"https:\/\/www.neancheglidei.com\/fr\/evento\/coronavirus-il-nemico-invisibile\/","title":{"rendered":"Coronavirus il nemico invisibile"},"content":{"rendered":"<p>Un voyage \u00e0 travers les transformations de notre sph\u00e8re sociale, provoqu\u00e9es par un ennemi invisible qui, en quelques mois, a contamin\u00e9 des centaines de pays, caus\u00e9 des milliers de morts et pouss\u00e9 l\u2019OMS \u00e0 d\u00e9clarer l\u2019\u00e9tat de pand\u00e9mie mondiale, transformant la vie de chacun d\u2019entre nous, peut-\u00eatre pour toujours, en une r\u00e9alit\u00e9 \u00ab\u00a0virtuelle\u00a0\u00bb. Des mesures r\u00e9pressives et liberticides bas\u00e9es sur la bios\u00e9curit\u00e9 et le biopouvoir, conform\u00e9ment au soi-disant \u00ab\u00a0capitalisme des catastrophes\u00a0\u00bb. Des th\u00e8mes d\u2019actualit\u00e9 pour comprendre les diff\u00e9rentes dynamiques g\u00e9n\u00e9r\u00e9es par un \u00e9v\u00e9nement global encore peu analys\u00e9 sur le plan anthropologique.  <\/p>\n","protected":false},"featured_media":7543,"template":"","meta":{"_acf_changed":false},"tags":[282],"edizione":[271],"giorno":[293],"class_list":["post-11430","evento","type-evento","status-publish","has-post-thumbnail","hentry","tag-evento-2022","edizione-271","giorno-293"],"acf":[],"_links":{"self":[{"href":"https:\/\/www.neancheglidei.com\/fr\/wp-json\/wp\/v2\/evento\/11430","targetHints":{"allow":["GET"]}}],"collection":[{"href":"https:\/\/www.neancheglidei.com\/fr\/wp-json\/wp\/v2\/evento"}],"about":[{"href":"https:\/\/www.neancheglidei.com\/fr\/wp-json\/wp\/v2\/types\/evento"}],"version-history":[{"count":0,"href":"https:\/\/www.neancheglidei.com\/fr\/wp-json\/wp\/v2\/evento\/11430\/revisions"}],"wp:featuredmedia":[{"embeddable":true,"href":"https:\/\/www.neancheglidei.com\/fr\/wp-json\/wp\/v2\/media\/7543"}],"wp:attachment":[{"href":"https:\/\/www.neancheglidei.com\/fr\/wp-json\/wp\/v2\/media?parent=11430"}],"wp:term":[{"taxonomy":"post_tag","embeddable":true,"href":"https:\/\/www.neancheglidei.com\/fr\/wp-json\/wp\/v2\/tags?post=11430"},{"taxonomy":"edizione","embeddable":true,"href":"https:\/\/www.neancheglidei.com\/fr\/wp-json\/wp\/v2\/edizione?post=11430"},{"taxonomy":"giorno","embeddable":true,"href":"https:\/\/www.neancheglidei.com\/fr\/wp-json\/wp\/v2\/giorno?post=11430"}],"curies":[{"name":"wp","href":"https:\/\/api.w.org\/{rel}","templated":true}]}}

<p>Un voyage à travers les transformations de notre sphère sociale, provoquées par un ennemi invisible qui, en quelques mois, a contaminé des centaines de pays, causé des milliers de morts et poussé l’OMS à déclarer l’état de pandémie mondiale, transformant la vie de chacun d’entre nous, peut-être pour toujours, en une réalité « virtuelle ». Des mesures répressives et liberticides basées sur la biosécurité et le biopouvoir, conformément au soi-disant « capitalisme des catastrophes ». Des thèmes d’actualité pour comprendre les différentes dynamiques générées par un événement global encore peu analysé sur le plan anthropologique.  </p>
