{"id":11413,"date":"2025-03-27T10:48:59","date_gmt":"2025-03-27T09:48:59","guid":{"rendered":"https:\/\/www.neancheglidei.com\/evento\/mamma-perche-abbiamo-le-mestruazioni\/"},"modified":"2025-03-27T10:48:59","modified_gmt":"2025-03-27T09:48:59","slug":"mamma-perche-abbiamo-le-mestruazioni","status":"publish","type":"evento","link":"https:\/\/www.neancheglidei.com\/fr\/evento\/mamma-perche-abbiamo-le-mestruazioni\/","title":{"rendered":"Mamma perch\u00e9 abbiamo le mestruazioni?"},"content":{"rendered":"<p>Un guide illustr\u00e9 qui ne se limite pas \u00e0 parler exclusivement des cinq jours de menstruation et de leur gestion, mais qui, en r\u00e9pondant \u00e0 la question apparemment simple \u00ab\u00a0Pourquoi avons-nous nos r\u00e8gles?\u00a0\u00bb, aborde chaque phase de la cyclicit\u00e9 sous ses aspects hormonaux, \u00e9motionnels et sociaux.<br \/>\nGr\u00e2ce \u00e0 des explications biologiques, des r\u00e9cits, des anecdotes, des conseils pratiques et des illustrations, ce livre accompagnera la jeune fille dans un voyage vers la conscience d\u2019un tr\u00e9sor immense, sur fond de dialogue entre m\u00e8re et fille pour se retrouver complices dans la c\u00e9l\u00e9bration de la magie f\u00e9minine.<br \/>\nUn cadeau non seulement pour les petites filles, mais aussi pour toutes les femmes qui souhaitent red\u00e9couvrir la valeur du cycle: car on ne devient pas femme en un jour de sang, mais on rena\u00eet femme chaque jour.<\/p>\n","protected":false},"featured_media":7578,"template":"","meta":{"_acf_changed":false},"tags":[282],"edizione":[271],"giorno":[287],"class_list":["post-11413","evento","type-evento","status-publish","has-post-thumbnail","hentry","tag-evento-2022","edizione-271","giorno-287"],"acf":[],"_links":{"self":[{"href":"https:\/\/www.neancheglidei.com\/fr\/wp-json\/wp\/v2\/evento\/11413","targetHints":{"allow":["GET"]}}],"collection":[{"href":"https:\/\/www.neancheglidei.com\/fr\/wp-json\/wp\/v2\/evento"}],"about":[{"href":"https:\/\/www.neancheglidei.com\/fr\/wp-json\/wp\/v2\/types\/evento"}],"version-history":[{"count":0,"href":"https:\/\/www.neancheglidei.com\/fr\/wp-json\/wp\/v2\/evento\/11413\/revisions"}],"wp:featuredmedia":[{"embeddable":true,"href":"https:\/\/www.neancheglidei.com\/fr\/wp-json\/wp\/v2\/media\/7578"}],"wp:attachment":[{"href":"https:\/\/www.neancheglidei.com\/fr\/wp-json\/wp\/v2\/media?parent=11413"}],"wp:term":[{"taxonomy":"post_tag","embeddable":true,"href":"https:\/\/www.neancheglidei.com\/fr\/wp-json\/wp\/v2\/tags?post=11413"},{"taxonomy":"edizione","embeddable":true,"href":"https:\/\/www.neancheglidei.com\/fr\/wp-json\/wp\/v2\/edizione?post=11413"},{"taxonomy":"giorno","embeddable":true,"href":"https:\/\/www.neancheglidei.com\/fr\/wp-json\/wp\/v2\/giorno?post=11413"}],"curies":[{"name":"wp","href":"https:\/\/api.w.org\/{rel}","templated":true}]}}

Mamma perché abbiamo le mestruazioni?

<p>Un guide illustré qui ne se limite pas à parler exclusivement des cinq jours de menstruation et de leur gestion, mais qui, en répondant à la question apparemment simple « Pourquoi avons-nous nos règles? », aborde chaque phase de la cyclicité sous ses aspects hormonaux, émotionnels et sociaux.<br />
Grâce à des explications biologiques, des récits, des anecdotes, des conseils pratiques et des illustrations, ce livre accompagnera la jeune fille dans un voyage vers la conscience d’un trésor immense, sur fond de dialogue entre mère et fille pour se retrouver complices dans la célébration de la magie féminine.<br />
Un cadeau non seulement pour les petites filles, mais aussi pour toutes les femmes qui souhaitent redécouvrir la valeur du cycle: car on ne devient pas femme en un jour de sang, mais on renaît femme chaque jour.</p>
