{"id":11412,"date":"2025-03-27T10:50:43","date_gmt":"2025-03-27T09:50:43","guid":{"rendered":"https:\/\/www.neancheglidei.com\/evento\/cristian-t-2\/"},"modified":"2025-03-27T10:50:43","modified_gmt":"2025-03-27T09:50:43","slug":"cristian-t-2","status":"publish","type":"evento","link":"https:\/\/www.neancheglidei.com\/fr\/evento\/cristian-t-2\/","title":{"rendered":"Cristian T."},"content":{"rendered":"<p>Qui est vraiment Cristian T.? Quelles forces ont boulevers\u00e9 son existence, et pourquoi sa vie paisible et ordinaire d\u2019employ\u00e9 municipal a-t-elle bascul\u00e9 quelques heures seulement apr\u00e8s son quarante-deuxi\u00e8me anniversaire? Est-ce l\u2019effet d\u2019un dessein cosmique, d\u2019un accident ou d\u2019un mauvais tour de l\u2019esprit qui l\u2019a projet\u00e9 dans une r\u00e9alit\u00e9 qu\u2019il ne reconna\u00eet plus, o\u00f9 sa femme et son fils sont devenus des inconnus et o\u00f9 certains r\u00eaves, longtemps nourris en vain, semblent s\u2019\u00eatre r\u00e9alis\u00e9s? Cette nouvelle vie ressemble beaucoup \u00e0 l\u2019id\u00e9e qu\u2019il se faisait du bonheur. Mais tout a un prix. Et ce qui hante les nuits de Cristian n\u2019est pas seulement la perte de sa famille ni celle du fragile \u00e9quilibre qu\u2019il avait patiemment construit, ce cocon qui lui permettait jusqu\u2019alors de se sentir moins vuln\u00e9rable face aux pi\u00e8ges de l\u2019impr\u00e9visible, sans jamais \u00eatre totalement \u00e0 l\u2019abri. Cristian devra affronter ses peurs les plus profondes, un monstre qui semble se tapir partout, une horreur sans visage, dans un jeu d\u2019\u00e2mes tourment\u00e9es et de miroirs oppos\u00e9s o\u00f9, sur le fil impalpable qui s\u00e9pare et relie \u00e0 la fois le conscient et l\u2019inconscient, lui et son alter ego \u2014 ainsi que leurs destins respectifs \u2014 suivent des trajectoires parall\u00e8les tout en paraissant constamment sur le point d\u2019entrer en collision. Et tandis qu\u2019au loin plane la plus terrible et la plus d\u00e9finitive des questions: qu\u2019est-ce qui l\u2019attend au terme de sa course?<\/p>\n","protected":false},"featured_media":7582,"template":"","meta":{"_acf_changed":false},"tags":[282],"edizione":[271],"giorno":[286],"class_list":["post-11412","evento","type-evento","status-publish","has-post-thumbnail","hentry","tag-evento-2022","edizione-271","giorno-286"],"acf":[],"_links":{"self":[{"href":"https:\/\/www.neancheglidei.com\/fr\/wp-json\/wp\/v2\/evento\/11412","targetHints":{"allow":["GET"]}}],"collection":[{"href":"https:\/\/www.neancheglidei.com\/fr\/wp-json\/wp\/v2\/evento"}],"about":[{"href":"https:\/\/www.neancheglidei.com\/fr\/wp-json\/wp\/v2\/types\/evento"}],"version-history":[{"count":0,"href":"https:\/\/www.neancheglidei.com\/fr\/wp-json\/wp\/v2\/evento\/11412\/revisions"}],"wp:featuredmedia":[{"embeddable":true,"href":"https:\/\/www.neancheglidei.com\/fr\/wp-json\/wp\/v2\/media\/7582"}],"wp:attachment":[{"href":"https:\/\/www.neancheglidei.com\/fr\/wp-json\/wp\/v2\/media?parent=11412"}],"wp:term":[{"taxonomy":"post_tag","embeddable":true,"href":"https:\/\/www.neancheglidei.com\/fr\/wp-json\/wp\/v2\/tags?post=11412"},{"taxonomy":"edizione","embeddable":true,"href":"https:\/\/www.neancheglidei.com\/fr\/wp-json\/wp\/v2\/edizione?post=11412"},{"taxonomy":"giorno","embeddable":true,"href":"https:\/\/www.neancheglidei.com\/fr\/wp-json\/wp\/v2\/giorno?post=11412"}],"curies":[{"name":"wp","href":"https:\/\/api.w.org\/{rel}","templated":true}]}}

<p>Qui est vraiment Cristian T.? Quelles forces ont bouleversé son existence, et pourquoi sa vie paisible et ordinaire d’employé municipal a-t-elle basculé quelques heures seulement après son quarante-deuxième anniversaire? Est-ce l’effet d’un dessein cosmique, d’un accident ou d’un mauvais tour de l’esprit qui l’a projeté dans une réalité qu’il ne reconnaît plus, où sa femme et son fils sont devenus des inconnus et où certains rêves, longtemps nourris en vain, semblent s’être réalisés? Cette nouvelle vie ressemble beaucoup à l’idée qu’il se faisait du bonheur. Mais tout a un prix. Et ce qui hante les nuits de Cristian n’est pas seulement la perte de sa famille ni celle du fragile équilibre qu’il avait patiemment construit, ce cocon qui lui permettait jusqu’alors de se sentir moins vulnérable face aux pièges de l’imprévisible, sans jamais être totalement à l’abri. Cristian devra affronter ses peurs les plus profondes, un monstre qui semble se tapir partout, une horreur sans visage, dans un jeu d’âmes tourmentées et de miroirs opposés où, sur le fil impalpable qui sépare et relie à la fois le conscient et l’inconscient, lui et son alter ego — ainsi que leurs destins respectifs — suivent des trajectoires parallèles tout en paraissant constamment sur le point d’entrer en collision. Et tandis qu’au loin plane la plus terrible et la plus définitive des questions: qu’est-ce qui l’attend au terme de sa course?</p>
